 of j and 12?
12
Let f(z) = 19*z + 16. Let p be f(11). Let w be 25 + 0*2/6. What is the highest common factor of w and p?
25
Let b be (-4 - (-6)/3) + 5. Suppose 0 = b*t - 4*t + 2. Let y be -4 + 5 - (-46)/t. What is the greatest common divisor of 12 and y?
12
Let i(f) = 3*f - 69. Let v be i(25). What is the greatest common divisor of v and 2?
2
Let d(g) = -g - 3. Let b be d(-5). What is the greatest common factor of 18 and b?
2
Let k be 58/8 - 2/8. Let d(h) = h**3 - 7*h**2 - h + 8. Let v be d(k). Let w be 14/((-1)/(-1)) - v. What is the highest common factor of 104 and w?
13
Let h = -57 + 11. Let n = h - -70. Calculate the greatest common divisor of 36 and n.
12
Suppose 2*v - 5*a - 39 = 0, -4*v - 2*a + 19 = -71. Suppose h - 30 = -3*x + 130, -4*x = -4*h - 240. Calculate the highest common divisor of x and v.
11
Suppose 3*f = -0*c - 3*c + 174, -4*f = -2*c + 92. Let o be (-4 - 3)*6/(-7). What is the highest common factor of c and o?
6
Let z be 9/(-6)*(-1 - 5). Suppose z = -2*c + 5*c. Suppose f + 69 = 3*m, -3*f = -4 - 5. What is the greatest common factor of m and c?
3
Let h(k) = -9*k**2 + 33*k**2 - 5 - 5*k + 8*k + 2. Let u be h(2). Calculate the highest common factor of 9 and u.
9
Let o(c) = c**2 - 21*c + 110. Let h be o(15). Calculate the highest common divisor of h and 60.
20
Suppose 5*q = 3*p + 42 - 13, -4 = -2*p. Calculate the highest common factor of q and 28.
7
Let b(k) = 2*k + 14. Let t be b(6). Calculate the highest common divisor of 286 and t.
26
Let g(y) = y**2 + 6*y - 10. Let h be g(-7). Let w be (-32)/(-2) + h + -1. Calculate the greatest common divisor of w and 36.
12
Let f = -134 - -219. Suppose 5*a + 0*a - 85 = 0. What is the highest common factor of a and f?
17
Let j = -147 + 254. Suppose 2*c + 11 = 21. Let l = j + c. Calculate the greatest common divisor of l and 14.
14
Suppose -2*r = 3*u - 4, 5*u + 6 = 3*r - 0. Suppose 55 = -r*x + 9. Let f be (-1 - x)*3/6. Calculate the highest common divisor of f and 121.
11
Let v(t) = 5*t - 8. Let s be v(8). Calculate the greatest common divisor of 128 and s.
32
Let r = 4 - -24. What is the highest common factor of 7 and r?
7
Suppose -4*g = 2 + 2, 2*f - 3*g = -5. Let n be (f/10)/(1/(-40)). Calculate the greatest common divisor of 16 and n.
16
Let f(v) = 3*v + 1. Let g be f(1). Suppose -g*o = -30 - 6. What is the greatest common divisor of 72 and o?
9
Let x be 8*6*1/8. What is the greatest common divisor of x and 48?
6
Let x(k) = 2*k - 29. Let c = 37 + -17. Let a be x(c). Let z = -2 - -3. Calculate the greatest common factor of z and a.
1
Let n be (-42 + (-15)/(-5))/(-3). Calculate the highest common divisor of 169 and n.
13
Let h = 62 + -53. Suppose 0 = y - 5*d - 4 + 6, -4*y + 10 = -2*d. Calculate the highest common factor of h and y.
3
Let s(r) = 4*r - 2. Let j be s(4). Calculate the highest common divisor of 35 and j.
7
Let d = 17 - 9. Suppose d*c - 200 = 3*c. What is the greatest common factor of 8 and c?
8
Let y = -298 - -304. Let l be (1 - -4)*(-6)/(-5). What is the highest common factor of l and y?
6
Let s = 38 + -53. Let l be (-48)/20*s/(-2). Let o = l - -33. What is the highest common divisor of 105 and o?
15
Let w(m) = m**3 + 9*m**2 - 2*m - 3. Let g be w(-9). What is the greatest common divisor of 165 and g?
15
Suppose -9*k + 243 = -270. What is the greatest common factor of 3 and k?
3
Suppose 0*v + 3*g = -4*v + 60, 0 = -4*v - 5*g + 68. What is the greatest common divisor of v and 4?
4
Let d be (1/2)/(4/264). Let c be 6/d - 64/(-11). Calculate the highest common factor of 6 and c.
6
Let a(c) = 3*c - 2 - 5*c - 2*c - 2*c**2 - c**3. Let g be a(-2). Let k(s) = 12*s. Let n be k(2). Calculate the greatest common divisor of n and g.
6
Let u be 0 - -1 - (-2 - 19). Suppose 0 = -3*i + v + u, -3*i + 18 - 2 = 5*v. Calculate the highest common factor of 63 and i.
7
Suppose 4*b - 4*q - 26 = 2*b, 4*b + 4*q - 40 = 0. Let o = 13 + b. What is the highest common factor of 8 and o?
8
Let k = 175 + -119. What is the greatest common divisor of k and 21?
7
Let u(w) = -4*w - 2. Let l be u(6). Let i = 37 + l. Let d be (-2)/i + 730/22. Calculate the highest common divisor of d and 11.
11
Let a = -221 - -251. Let w = 12 + -7. What is the highest common factor of a and w?
5
Let b = 7 - -23. Calculate the greatest common factor of b and 210.
30
Let r be 8/(-28) + 2/7. Suppose -4*z + 192 = -r*z. Calculate the highest common factor of z and 6.
6
Let w(g) = -7*g - 4. Let u be w(-8). Let t(l) = l**2 + 4*l + 1. Let q be t(-6). What is the highest common factor of u and q?
13
Let j be 2/(-7) + 18/14. Let i be (j - -5) + 2/(-1). Calculate the highest common factor of 32 and i.
4
Suppose 7*c - 35 = 2*c. Let n(i) = 19*i - 6. Let m = 4 - 0. Let v be n(m). Calculate the highest common factor of c and v.
7
Suppose 3*b = -z + 48, -3*z - 13 + 55 = 3*b. Let m = 38 - b. What is the highest common factor of m and 21?
21
Let h(b) = -b**3 + 6*b**2 + b - 2. Let k be h(6). Suppose -5*a + 7 = -k*a. Calculate the greatest common factor of a and 77.
7
Let g = 3 - -24. What is the highest common factor of 108 and g?
27
Let d be (8/10)/((-5)/(-50)). What is the highest common factor of 8 and d?
8
Suppose 2*n - 5*l = 10, 3*n - 5 = 2*n - 2*l. What is the highest common factor of n and 1?
1
Suppose -2*y + 47 + 123 = 0. Let v = y + 80. Calculate the greatest common divisor of 15 and v.
15
Let o = 13 - 8. Suppose 3*m + 5*k + 4 = 0, 0*m + k = -2*m - o. Let g be 2*-1 + m + 16. Calculate the greatest common factor of g and 33.
11
Suppose 11*f = 111 + 2881. What is the greatest common divisor of 34 and f?
34
Suppose 126 = -7*q + 16*q. Suppose 308 = -s + 3*s. What is the greatest common factor of q and s?
14
Suppose n + 46 = 2*x, -2*x - 11 = n - 49. Suppose c - 416 = -4*z, -c + 218 = 2*z - 3*c. Calculate the highest common divisor of z and x.
21
Let u(p) = p + 3*p**2 + 135 + 2*p**2 - 4*p**2. Let n be u(0). Calculate the highest common factor of n and 15.
15
Let t be -20*(-1 - (-1)/(-5)). Let x be t/15 + (-2)/(-5). What is the highest common factor of 22 and x?
2
Let x(k) = -k**3 + 11*k - 4. Let w be x(-4). Let g be (-24)/(-9)*30/1. Let s = g + -48. What is the greatest common divisor of w and s?
16
Let y(v) = -v**3 - v**2 + v + 3. Let a be y(-3). Let d be 76/114 - 4/(-3). Calculate the greatest common divisor of a and d.
2
Let d be (-1)/(-5) - 92/10. Let v(z) = z**3 + 9*z**2 + z + 2. Let p be v(d). Let w be (-21)/p*3/1. Calculate the greatest common factor of 3 and w.
3
Let f = 392 - 273. Suppose 0 = -5*y + 86 - 1. Calculate the greatest common factor of y and f.
17
Let q(w) = w**3 + 5*w**2 - 7*w - 1. Let o be q(-6). Suppose 0 = -3*v + 252 - 192. What is the highest common divisor of v and o?
5
Let b = -8 + 10. Suppose -3*w - 67 = -3*r - 7*w, 0 = -b*r - 3*w + 44. Calculate the highest common factor of 10 and r.
5
Suppose c - 7 = -2. Let w(r) = r**3 - 2*r**2 + r + 5. Let t be w(c). What is the highest common factor of 17 and t?
17
Let d be 8/(-12)*6/4. Suppose -i - 2*i + 2*f - 124 = 0, 130 = -3*i - 4*f. Let p be 0/(-7) + i/d. Calculate the highest common factor of 6 and p.
6
Let w(s) = 26*s + 2. Let g(z) = 25*z + 2. Let y(m) = -3*g(m) + 4*w(m). Let i be y(3). Suppose -21 = 2*v - i. Calculate the highest common factor of v and 17.
17
Suppose 41*i = 37*i + 400. Calculate the greatest common divisor of 20 and i.
20
Suppose 2 = a - 0*a. Suppose 5*u - 18 = a*u. Suppose -8*b + 1 + 119 = 0. Calculate the greatest common factor of b and u.
3
Suppose 3*w = w + 66. Let x(l) = -l**2 - 15*l - 3. Let s be 73/(-5) + 36/60. Let t be x(s). What is the greatest common factor of t and w?
11
Let n = 7 - 5. Let q = -10 + 14. Suppose q = 2*v - n. What is the greatest common factor of v and 3?
3
Let h = -6 - -21. Suppose 6*g = 8*g - 210. What is the greatest common divisor of h and g?
15
Let h be 11 - (2 + (3 - (-4)/(-2))). What is the highest common factor of 168 and h?
8
Suppose 3*x + 5 = 5*p + 20, -x = p - 5. Suppose 3*q - x*f = 44 + 2, -5*q = -3*f - 50. Let b = -20 - -27. Calculate the highest common factor of b and q.
7
Let q = 164 - 117. Suppose 7 = 3*k - q. Suppose 4*i = -x + 29, -i + 3*x + k - 1 = 0. What is the highest common factor of 64 and i?
8
Suppose -5*x + 2*x + 27 = 0. Suppose 4*d + 407 = -d - 2*u, 0 = 4*d - 4*u + 348. Let z = d + 164. What is the hig